-x + 1. Let c(o) = 3*o - 2. Let h(g) = -4*c(g) - 11*w(g). Let k be h(0). Let y = 0 - k. What is p(y)?
-5
Let h(m) = -2*m + 1. Suppose 0*j = -4*j + 24. Let x be (-3)/(-6) - j/4. Determine h(x).
3
Let k(f) = 9*f**2 - f. Let s be 2 + -3 + 8/4. Let z = 2 - 2. Let t = z + s. Determine k(t).
8
Let r(n) = -n + 2. Let a be (4 - (4 + 4))*2. Calculate r(a).
10
Let b(l) = 5*l**3 - 1. Let y be b(-1). Let m(z) = 2*z - 1. What is m(y)?
-13
Let l(q) = 2 + 2*q + 2 - q**2 - 2. Let k = 332 - 335. Determine l(k).
-13
Let d(n) = n**3 + 6*n**2 - 7*n - 5. Suppose -l + 3*l = -14. Let w(i) = i. Let y be w(l). Calculate d(y).
-5
Let t be (2*-2 + 3)*-5. Let l = t + 0. Let f(u) be the second derivative of -u**4/12 + u**3/2 + u**2 - u. Determine f(l).
-8
Let l(y) = -9 - y + 24 - 13. What is l(0)?
2
Let o = 2 + -1. Let w be -2 + (2 - -2)/1. Let c(a) = -2*a**2 + 2*a**2 + 2*a**3 - 2*a**2 + 3*a**w. What is c(o)?
3
Let w(n) = n**3 + 4*n**2 + n + 2. Let k be 34/9 - 8/(-36). Suppose 14 = 5*l + k. Let t be (8/l)/(-1 - 0). Calculate w(t).
-2
Suppose 3 = 2*d - 1. Let q(k) = 4*k - 1. Calculate q(d).
7
Let p = -4 - -7. Suppose 0 = -4*o - 14 + 46. Let l(d) = -d - 3 + p*d + o. Give l(-5).
-5
Let j(t) = -t**3 + 4*t**2 - 2*t - 1. Let b = 0 - -1. Let h(z) = z**3 - 5*z**2 + 5*z - 1. Let k be h(4). Let x = k + b. Determine j(x).
-9
Let t(z) = z + 2. Suppose 2*b - 165 = 7*b. Let o be b/(-12) + 6/24. What is t(o)?
5
Let g(t) = -3*t - 2. Let n(l) = l**3 + 4*l**2 - 4*l + 3. Let w be n(-5). What is g(w)?
4
Let w be (-9)/(-6)*(-70)/(-21). Let u(q) be the third derivative of 0*q**3 + 0*q + 0 - 1/30*q**w + 2*q**2 + 0*q**4. What is u(1)?
-2
Let r(c) = -3*c**3 - 7*c**2 + 14*c - 11. Let w(j) = 2*j**3 + 7*j**2 - 12*j + 10. Let h(o) = -3*r(o) - 4*w(o). Let i = -6 - -12. Determine h(i).
-7
Let b = -1 + 1. Let i(r) be the second derivative of 1/6*r**3 + 0 - 2*r - 1/6*r**4 + b*r**2. Determine i(2).
-6
Let z(r) = -7*r**3 - 3*r**2 - r + 4. Let w(i) = 4*i**2 - i**3 + 0*i**3 - 5*i**2 + 1. Let x(f) = 6*w(f) - z(f). Let t be x(2). Let s(c) = c - 4. Calculate s(t).
-4
Let t(b) = b**3 - 5*b**2 + 6. Suppose 0 = -r - 4*r + 45. Let s(m) = m**2 + 2 - 5 - 2*m**3 + 9*m**2 - r. Let x(f) = -3*s(f) - 7*t(f). Calculate x(5).
-6
Let k be (-7)/(-3) + 2/3. Suppose m + 3*o + k = -3, 5*o = -5*m - 10. Let d(j) = -3 + j - 5 - 2*j. Give d(m).
-8
Let m be (-12 - 3)*(-2)/(-5). Let s(n) = -n**3 - 5*n**2 + 9*n + 4. What is s(m)?
-14
Let c(g) = -g**3 - g**2 + g + 16. Suppose -3*a + 2*a + 7*a = 0. What is c(a)?
16
Let h(p) = -56*p**2 - 3 - p**3 + 55*p**2 - p - 9. Calculate h(0).
-12
Let r(k) = k**3 - k**2 - k + 2. Let y be r(2). Let m(s) = 2*s**2 - 3 - 3*s**2 + 5 + y*s + 0*s**2. Calculate m(5).
-3
Let r(b) = -b - 5. Let v(k) = -k**2 + 4*k. Let l(s) = 4*s**2 - 13*s. Let p(a) = -2*l(a) - 7*v(a). Let f be p(-2). Calculate r(f).
-5
Let f = -23 - -23. Let a(j) be the first derivative of j**4/4 + j**3/3 - 8*j - 2. Give a(f).
-8
Let q(f) be the first derivative of -2*f**3/3 + 5*f**2/2 - 3*f - 9. Determine q(3).
-6
Let m(o) = o + 1. Suppose 0*x + 4*x - 8 = 0. Suppose 8 = 2*g + x. Suppose -7 = -2*k + g. Give m(k).
6
Let g(b) = 4*b. Let z = 5 + 3. Let j be (z/(-12))/((-4)/6). Give g(j).
4
Let p(u) = -4*u**2 + u**3 + 0*u**3 + 4 - 3 + 0*u**3. Calculate p(2).
-7
Let f(q) = q**3 - 4*q**2 + 2*q + 4. Suppose 3*o - 2*n = n + 27, 2*n = -3*o + 2. Give f(o).
12
Let d(y) be the second derivative of -y**4/12 - 2*y**3/3 - y**2 - 13*y. Let a be (1*-2)/(2/4). Determine d(a).
-2
Let w(k) = k. Suppose 0*o = -3*o + 3. Let z(n) = 1. Let l(h) = o*w(h) + z(h). Let r(q) = -q**3 + 13*q**2 - 24*q + 19. Let c be r(11). What is l(c)?
-2
Let k = 8 - 7. Suppose 14 = -3*m - k. Let a(n) = n**3 + 5*n**2 + 2*n + 3. Determine a(m).
-7
Let m = -92 + 91. Suppose 0 = -4*d - 3*y + 4, 0 = d - 3*y - 1. Let h(n) = n + 1 - 1 + d. Determine h(m).
0
Let c = -19 - -17. Let u(b) = -b**3 - b**2 - 3*b - 2. Calculate u(c).
8
Let a(u) = -u**3 - u - 7. Let v be 5/(-10)*(2 - 2). What is a(v)?
-7
Suppose -5 = 21*v - 22*v. Let q(t) = t**3 - 5*t**2 + t - 1. Calculate q(v).
4
Let p(r) = r**3 - 7*r**2 + 5*r + 5. Let a(s) = -2*s - 7. Let z be a(-5). Suppose 2 = -z*i + 20. Give p(i).
-1
Suppose 0 = -2*d + d + 5. Suppose 2*j + 4 = -2*h, 5*h - 3*h = -d*j - 7. Let f(r) = -r**3 - 1. Calculate f(h).
0
Let p = 3 + 3. Let y(s) = s + 11. Let z be y(-7). Suppose 0*d - 4*d - 18 = 2*w, -z*w - p = 2*d. Let c(n) = -6*n**2 + n - 1. What is c(w)?
-6
Let z(h) = h**3 - 7*h**2 + 4*h + 6. Let s be (8/7)/(8/28). Let r be (9/(-6))/((-1)/s). Calculate z(r).
-6
Let u(v) = 5*v - 7. Let y(l) = 6*l - 8. Let a(s) = -3*u(s) + 2*y(s). What is a(6)?
-13
Let k(f) be the first derivative of 0*f + 1/4*f**4 + 1 - 1/2*f**2 + 1/3*f**3. Determine k(2).
10
Suppose -3*a - 32 + 9 = -2*k, -5 = -5*k - 3*a. Let f = -1 + k. Let x(j) = 2*j + 4. Let r(m) = -m - 1. Let d(n) = 5*r(n) + x(n). Calculate d(f).
-10
Let c(q) = -q**3 - 7*q**2 - 8*q - 9. Suppose 5*y + 14 = 4*a, -3 - 1 = 4*y - 5*a. Calculate c(y).
3
Suppose -w - 2*r + 13 = 0, 0*w - 3*r = -w - 12. Let y(z) be the third derivative of -z**6/120 + z**5/30 + z**4/8 + 2*z**3/3 - 2*z**2 + 14. Calculate y(w).
4
Suppose 12 = 5*v - 2*l, 0 = 3*v + 3*l - 3. Let q(w) = v*w**3 + 3*w**3 - 2 - 6*w**2 - 4*w**3 + 5*w + 0*w**3. Give q(5).
-2
Suppose -2*c - 4 = -g - 3*c, c - 5 = -2*g. Let a(y) = -17*y**2 + 1. Calculate a(g).
-16
Let r be (-1 - -1)/(4/(-4)). Let b(o) = r*o - 6*o + 4*o. Determine b(-1).
2
Let y = -7 + 10. Suppose y*f = -2*f - 5. Let l(p) = -9*p**2 - 2*p - 1. Give l(f).
-8
Suppose 6*p - 2*p - 1 = -5*n, n = -4*p + 13. Let z be (3 - 0)/(n/(-18)). Suppose 4*k - 11 = -3*h, 3*h - 2*k = -1 + z. Let m(o) = -3*o + 7. Determine m(h).
-8
Let z = 1 - -1. Let c(y) = 0*y + 0*y + z*y - y - 7. Calculate c(5).
-2
Let d(w) = w + 2. Let y = 8 - 11. Let s(l) be the second derivative of l**3/3 + 5*l**2/2 + 3*l. Let t(f) = y*s(f) + 7*d(f). Calculate t(0).
-1
Let w(u) be the first derivative of -u**3/3 - 11*u**2/2 + u - 20. Calculate w(-11).
1
Let s be (10/(-15))/((-5)/((-90)/(-4))). Let x(l) = -4*l + 4. Calculate x(s).
-8
Suppose -1 = -23*q - 70. Let x(f) be the first derivative of -f**3/3 - 3*f**2/2 - f + 1. Determine x(q).
-1
Suppose 3*t - t - 6 = 0. Let a be (-1)/(t/2)*3. Let i(c) be the third derivative of c**6/120 + c**5/30 + 2*c**2. Determine i(a).
0
Let c(g) = 2*g - 6. Suppose 0 = -14*w + 15 + 41. What is c(w)?
2
Let o = 4 + -3. Let r(k) = o + k**3 - 2 + 4*k + 4*k**2 + 4. Suppose -2*q = q - 4*z + 14, 0 = q - z + 4. Determine r(q).
3
Let q = -14 - -21. Let s(m) = 0*m - m**2 - q*m + 3 + 8. Let a be s(-8). Let x(d) = d**2 - 5*d + 2. Give x(a).
-4
Let u = -141 - -144. Let p(b) = 3*b - 3. Let t(h) = -4*h + 3. Let v(w) = 7*p(w) + 6*t(w). Determine v(u).
-12
Let k(t) = -3*t**2 - 10*t + 3. Let d(g) = -5*g**2 - 15*g + 4. Let l(x) = -5*d(x) + 8*k(x). Calculate l(4).
0
Let z(f) = -f - 5. Let a(h) = -5*h**2 + 4*h**2 - 2*h - 8*h - 11. Let w be a(-8). Calculate z(w).
-10
Let q(y) be the third derivative of y**3 + 0 + 0*y - 6*y**2 - 1/10*y**5 - 5/24*y**4 - 1/120*y**6. Calculate q(-5).
6
Suppose 5*h = -3*b - 10, -4*h = 3*b - 2 + 13. Let c be (-4)/12*(0 - 12). Let p be c/20 + 6/b. Let o(t) = -3*t. What is o(p)?
3
Let a(i) = i**3 + 7*i**2 + 11*i + 5. Let d(o) = -o**3 - 7*o**2 - 12*o - 4. Let q(j) = -4*a(j) - 3*d(j). What is q(-6)?
4
Suppose -2*m = -0*m. Suppose m = -0*k + 2*k - 2. Let t(y) = 0 + 7*y + 2 - k. Calculate t(1).
8
Suppose -3*y - 12 = 3*n, -6*y + y - 2*n - 14 = 0. Let c be ((-4)/2)/y*-1. Let p(s) be the second derivative of s**5/4 + s**4/6 + s**3/6 + s. Determine p(c).
-4
Let p(j) be the first derivative of j**4/4 + 4*j**3/3 + 2*j**2 + 2*j + 19. Determine p(-3).
-1
Let n(o) be the third derivative of o**4/6 - o**3/3 - 4*o**2. Suppose -4*f + 4 + 4 = 4*l, 5*l + 2*f = 13. Determine n(l).
10
Let l(m) = -16*m + 31. Let t(n) = 3*n - 6. Let v(i) = 2*l(i) + 11*t(i). What is v(3)?
-1
Suppose 0 = -4*r - 4*u + 16, -2*u = 4*r - 4*u - 10. Let s(t) = 12*t - 10*t - 2*t**2 - t**3 - 1 - r. Give s(-3).
-1
Let s(b) = -b - 3. Let z = -3 + 3. Suppose 4*l + 3*t + 19 = z, 2*l - 10 = 7*l + t. Let a be 3 - (7 - l/(-1)). Determine s(a).
0
Let l(u) = 4*u**2. Let a(f) = f**2 + f - 3. Let b be a(-3). Suppose 4*o + 3*x = -8 - 5, -b*x - 8 = -o. Calculate l(o).
4
Let x(q) = 4 - 23*q + 2 + 12*q + 12*q. Calculate x(0).
6
Let n(o) = o**3 - 8*o**2 